he greatest common divisor of 15 and 2241.
3
What is the greatest common factor of 1 and 3535?
1
Calculate the greatest common factor of 18 and 4842.
18
Calculate the greatest common divisor of 55 and 13959.
11
Calculate the highest common factor of 110 and 126610.
110
What is the highest common divisor of 15 and 25?
5
Calculate the greatest common factor of 25 and 15.
5
Calculate the greatest common factor of 39 and 13.
13
Calculate the greatest common factor of 57 and 159.
3
Calculate the highest common divisor of 2930 and 180.
10
Calculate the highest common divisor of 1218 and 56.
14
Calculate the highest common factor of 69 and 312.
3
What is the greatest common factor of 10400 and 325?
325
What is the greatest common divisor of 1139 and 153?
17
What is the highest common factor of 57 and 627?
57
Calculate the highest common divisor of 8129 and 44.
11
What is the greatest common divisor of 2438 and 184?
46
Calculate the highest common divisor of 10292 and 581.
83
Calculate the greatest common factor of 4 and 41.
1
Calculate the highest common factor of 1064 and 112.
56
Calculate the greatest common divisor of 3288 and 48.
24
Calculate the highest common divisor of 3495 and 25.
5
Calculate the greatest common divisor of 182 and 42.
14
Calculate the highest common factor of 208 and 91.
13
Calculate the greatest common divisor of 16 and 1784.
8
What is the greatest common factor of 12 and 492?
12
Calculate the highest common factor of 65 and 65.
65
What is the highest common factor of 194 and 6?
2
What is the highest common factor of 1353 and 246?
123
What is the greatest common divisor of 161 and 184?
23
Calculate the highest common factor of 520 and 11700.
260
What is the highest common divisor of 1189 and 145?
29
Calculate the greatest common factor of 124 and 279.
31
What is the highest common divisor of 244 and 1769?
61
What is the greatest common divisor of 171 and 1767?
57
What is the greatest common divisor of 5539 and 191?
191
Calculate the highest common divisor of 817 and 133.
19
What is the highest common divisor of 533 and 247?
13
Calculate the greatest common divisor of 35 and 133.
7
Calculate the greatest common factor of 252 and 720.
36
Calculate the greatest common factor of 36 and 342.
18
Calculate the greatest common divisor of 90 and 1035.
45
Calculate the highest common factor of 26 and 8.
2
What is the highest common divisor of 312 and 351?
39
Calculate the highest common factor of 175 and 1500.
25
Calculate the highest common divisor of 100 and 175.
25
Calculate the greatest common factor of 418 and 66.
22
Calculate the greatest common factor of 318 and 10070.
106
What is the greatest common factor of 2856 and 272?
136
Calculate the greatest common divisor of 96 and 8508.
12
What is the greatest common divisor of 1222 and 130?
26
What is the highest common factor of 204 and 132?
12
Calculate the highest common factor of 400 and 1050.
50
Calculate the highest common factor of 1561 and 14.
7
What is the highest common divisor of 3596 and 116?
116
Calculate the greatest common factor of 40675 and 25.
25
Calculate the highest common divisor of 28204 and 11.
11
Calculate the greatest common divisor of 4248 and 108.
36
Calculate the highest common factor of 729 and 1053.
81
Calculate the highest common divisor of 246 and 4346.
82
Calculate the highest common divisor of 1785 and 315.
105
What is the greatest common factor of 8 and 3296?
8
Calculate the highest common factor of 10 and 135.
5
What is the greatest common factor of 166 and 32038?
166
What is the highest common divisor of 38 and 190?
38
Calculate the greatest common factor of 690 and 150.
30
What is the highest common factor of 17487 and 29?
29
Calculate the highest common divisor of 8496 and 144.
144
What is the highest common factor of 61 and 671?
61
Calculate the highest common factor of 402 and 134.
134
Calculate the highest common divisor of 6 and 207.
3
What is the greatest common divisor of 16 and 32?
16
Calculate the highest common factor of 6688 and 627.
209
What is the greatest common divisor of 1054 and 62?
62
Calculate the greatest common divisor of 219 and 10731.
219
Calculate the greatest common divisor of 1081 and 92.
23
Calculate the highest common factor of 8685 and 105.
15
What is the highest common factor of 66 and 154?
22
Calculate the greatest common divisor of 100 and 140.
20
What is the greatest common divisor of 34 and 3434?
34
Calculate the highest common factor of 234 and 1014.
78
What is the greatest common divisor of 704 and 220?
44
What is the greatest common factor of 423 and 1504?
47
What is the greatest common divisor of 635 and 381?
127
What is the greatest common factor of 143 and 22?
11
What is the highest common divisor of 365 and 146?
73
What is the highest common divisor of 1 and 100?
1
What is the greatest common factor of 672 and 516?
12
Calculate the highest common divisor of 24 and 824.
8
What is the highest common factor of 92 and 161?
23
What is the greatest common factor of 2279 and 172?
43
Calculate the highest common divisor of 161 and 511.
7
What is the greatest common divisor of 66 and 1650?
66
What is the highest common divisor of 176 and 11?
11
What is the highest common divisor of 706 and 8?
2
What is the greatest common factor of 2444 and 846?
94
Calculate the highest common divisor of 39 and 273.
39
What is the greatest common factor of 2028 and 1404?
156
What is the greatest common divisor of 14 and 6349?
7
What is the highest common divisor of 4199 and 119?
17
What is the greatest common factor of 260 and 860?
20
What is the highest common factor of 3790 and 20?
10
What is the greatest common divisor of 17 and 2771?
17
What is the highest common divisor of 20 and 500?
20
What is the highest common divisor of 202 and 2?
2
Calculate the greatest common factor of 266 and 171.
19
What is the highest common divisor of 150 and 6?
6
What is the highest common divisor of 15 and 21?
3
What is the greatest common divisor of 11 and 176?
11
Calculate the highest common divisor of 720 and 10620.
180
What is the highest common factor of 720 and 45?
45
What is the highest common divisor of 290 and 1914?
58
What is the greatest common divisor of 4119 and 3?
3
What is the greatest common factor of 48 and 582?
6
What is the highest common factor of 11795 and 105?
35
Calculate the greatest common factor of 286 and 104.
26
What is the highest common divisor of 63 and 66?
3
Calculate the highest common divisor of 126 and 210.
42
Calculate the greatest common divisor of 12699 and 765.
153
What is the highest common factor of 315 and 175?
35
Calculate the greatest common factor of 25 and 425.
25
What is the greatest common divisor of 175 and 1435?
35
Calculate the greatest common divisor of 7258 and 38.
38
What is the highest common divisor of 497 and 21?
7
What is the greatest common factor of 190 and 646?
38
Calculate the greatest common factor of 50 and 475.
25
Calculate the highest common factor of 64 and 576.
64
Calculate the greatest common divisor of 88 and 200.
8
What is the greatest common factor of 71 and 12851?
71
Calculate the greatest common divisor of 38 and 171.
19
What is the greatest common factor of 1702 and 74?
74
What is the greatest common divisor of 880 and 3190?
110
What is the highest common divisor of 4596 and 372?
12
What is the greatest common divisor of 64 and 176?
16
Calculate the greatest common factor of 1875 and 450.
75
What is the highest common factor of 32 and 1?
1
What is the greatest common factor of 126 and 72?
18
Calculate the greatest common factor of 117 and 1209.
39
What is the greatest common factor of 12 and 7842?
6
What is the highest common divisor of 68 and 1054?
34
Calculate the highest common factor of 512 and 16.
16
Calculate the greatest common divisor of 110 and 2585.
55
Calculate the greatest common divisor of 70 and 9730.
70
Calculate the highest common factor of 616 and 44.
44
What is the greatest common divisor of 175 and 150?
25
What is the highest common divisor of 154 and 112?
14
Calculate the highest common factor of 153 and 39423.
51
What is the greatest common factor of 133 and 152?
19
Calculate the greatest common divisor of 36 and 234.
18
What is the highest commo